4?
4
What is the tens digit of 92925?
2
What is the units digit of 2738?
8
What is the tens digit of 17619?
1
What is the thousands digit of 5141?
5
What is the units digit of 67107?
7
What is the units digit of 53178?
8
What is the thousands digit of 1138?
1
What is the tens digit of 156?
5
What is the units digit of 3135?
5
What is the hundreds digit of 2013?
0
What is the hundreds digit of 76741?
7
What is the hundreds digit of 8866?
8
What is the units digit of 54506?
6
What is the thousands digit of 15547?
5
What is the ten thousands digit of 10861?
1
What is the units digit of 18066?
6
What is the tens digit of 5532?
3
What is the units digit of 294?
4
What is the thousands digit of 2500?
2
What is the thousands digit of 4372?
4
What is the tens digit of 458?
5
What is the units digit of 28260?
0
What is the thousands digit of 1270?
1
What is the thousands digit of 7594?
7
What is the units digit of 3573?
3
What is the thousands digit of 28120?
8
What is the tens digit of 2497?
9
What is the hundreds digit of 72363?
3
What is the tens digit of 51606?
0
What is the tens digit of 885?
8
What is the hundreds digit of 439?
4
What is the units digit of 7838?
8
What is the units digit of 459?
9
What is the tens digit of 257?
5
What is the tens digit of 7414?
1
What is the tens digit of 6373?
7
What is the units digit of 73842?
2
What is the units digit of 5234?
4
What is the hundreds digit of 529?
5
What is the units digit of 3785?
5
What is the tens digit of 1708?
0
What is the units digit of 1477?
7
What is the thousands digit of 15426?
5
What is the tens digit of 47988?
8
What is the thousands digit of 34254?
4
What is the units digit of 858?
8
What is the tens digit of 249?
4
What is the hundreds digit of 12529?
5
What is the tens digit of 1245?
4
What is the tens digit of 2646?
4
What is the thousands digit of 8132?
8
What is the hundreds digit of 126065?
0
What is the hundreds digit of 377?
3
What is the hundreds digit of 4256?
2
What is the thousands digit of 4590?
4
What is the hundreds digit of 798?
7
What is the thousands digit of 2628?
2
What is the hundreds digit of 7870?
8
What is the units digit of 23284?
4
What is the units digit of 6094?
4
What is the thousands digit of 6930?
6
What is the units digit of 1248?
8
What is the thousands digit of 1462?
1
What is the thousands digit of 113527?
3
What is the thousands digit of 6197?
6
What is the ten thousands digit of 47696?
4
What is the tens digit of 10813?
1
What is the thousands digit of 3570?
3
What is the ten thousands digit of 25213?
2
What is the hundreds digit of 5021?
0
What is the tens digit of 2366?
6
What is the ten thousands digit of 52889?
5
What is the tens digit of 1912?
1
What is the hundreds digit of 38559?
5
What is the units digit of 2171?
1
What is the hundreds digit of 15247?
2
What is the tens digit of 4419?
1
What is the hundreds digit of 1420?
4
What is the tens digit of 1586?
8
What is the thousands digit of 87130?
7
What is the tens digit of 18240?
4
What is the hundreds digit of 4793?
7
What is the hundreds digit of 38610?
6
What is the tens digit of 1079?
7
What is the hundreds digit of 23798?
7
What is the units digit of 3650?
0
What is the hundreds digit of 18614?
6
What is the thousands digit of 16003?
6
What is the thousands digit of 1719?
1
What is the units digit of 4460?
0
What is the thousands digit of 1313?
1
What is the tens digit of 650?
5
What is the tens digit of 75006?
0
What is the units digit of 376?
6
What is the tens digit of 9005?
0
What is the thousands digit of 1410?
1
What is the units digit of 21769?
9
What is the hundreds digit of 1977?
9
What is the thousands digit of 50490?
0
What is the units digit of 24864?
4
What is the units digit of 185590?
0
What is the thousands digit of 1291?
1
What is the tens digit of 2100?
0
What is the tens digit of 1310?
1
What is the hundreds digit of 9882?
8
What is the tens digit of 500?
0
What is the tens digit of 751?
5
What is the thousands digit of 4006?
4
What is the ten thousands digit of 21553?
2
What is the units digit of 394?
4
What is the hundreds digit of 9036?
0
What is the tens digit of 91560?
6
What is the hundreds digit of 4243?
2
What is the thousands digit of 3006?
3
What is the ten thousands digit of 10397?
1
What is the tens digit of 706?
0
What is the units digit of 6300?
0
What is the thousands digit of 39419?
9
What is the hundreds digit of 1133?
1
What is the hundreds digit of 7739?
7
What is the tens digit of 2205?
0
What is the tens digit of 1203?
0
What is the tens digit of 1532?
3
What is the units digit of 1782?
2
What is the hundreds digit of 14562?
5
What is the thousands digit of 1858?
1
What is the ten thousands digit of 56180?
5
What is the tens digit of 31742?
4
What is the tens digit of 2496?
9
What is the units digit of 22489?
9
What is the hundreds digit of 18223?
2
What is the hundreds digit of 11060?
0
What is the thousands digit of 1322?
1
What is the tens digit of 15455?
5
What is the tens digit of 72704?
0
What is the units digit of 8758?
8
What is the hundreds digit of 9212?
2
What is the units digit of 83449?
9
What is the hundreds digit of 866?
8
What is the hundreds digit of 70026?
0
What is the tens digit of 72308?
0
What is the hundreds digit of 2030?
0
What is the tens digit of 1534?
3
What is the units digit of 2812?
2
What is the tens digit of 1898?
9
What is the hundreds digit of 4440?
4
What is the units digit of 6858?
8
What is the hundreds digit of 2266?
2
What is the hundreds digit of 157584?
5
What is the tens digit of 16322?
2
What is the ten thousands digit of 31777?
3
What is the tens digit of 1644?
4
What is the tens digit of 19265?
6
What is the hundreds digit of 2532?
5
What is the hundreds digit of 1039?
0
What is the thousands digit of 1208?
1
What is the hundreds digit of 19512?
5
What is the units digit of 399?
9
What is the thousands digit of 19154?
9
What is the ten thousands digit of 21426?
2
What is the hundreds digit of 32173?
1
What is the thousands digit of 4896?
4
What is the hundreds digit of 8623?
6
What is the tens digit of 378?
7
What is the thousands digit of 3142?
3
What is the units digit of 16338?
8
What is the units digit of 15?
5
What is the thousands digit of 6231?
6
What is the units digit of 5370?
0
What is the units digit of 72332?
2
What is the units digit of 151738?
8
What is the tens digit of 55829?
2
What is the units digit of 77869?
9
What is the tens digit of 5951?
5
What is the units digit of 4782?
2
What is the ten thousands digit of 10485?
1
What is the hundreds digit of 17998?
9
What is the units digit of 53215?
5
What is the units digit of 102966?
6
What is the hundreds digit of 11054?
0
What is the hundreds digit of 2226?
2
What is the ten thousands digit of 32291?
3
What is the tens digit of 27907?
0
What is the units digit of 27857?
7
What is the tens digit of 46090?
9
What is the units digit of 3438?
8
What is the tens digit of 8498?
9
What is the units digit of 23465?
5
What is the thousands digit of 45258?
5
What is the tens digit of 3139?
3
What is the tens digit of 11791?
9
What is the thousands digit of 7928?
7
What is the tens digit of 130191?
9
What is the thousands digit of 16565?
6
What is the thousands digit of 21558?
1
What is the ten thousands digit of 28419?
2
What is the units digit of 150?
0
What is the tens digit of 937?
3
What is the tens digit of 5560?
6
What is the units digit of 3353?
3
What is the units digit of 495?
5
What is the tens digit of 1891?
9
What is the thousands digit of 1620?
1
What is the tens digit of 368?
6
What is the tens digit of 594?
9
What is the thousands digit of 25747?
5
What is the ten thousands digit of 52053?
5
What is the hundreds digit of 25612?
6
What is the units digit of 6433?
3
What is the tens digit of 9609?
0
What is the thousands digit of 1255?
1
What is the units digit of 1687?
7
What is the tens digit of 42?
4
What is the hundreds digit of 738?
7
What is the ten thousands digit of 27099?
2
What is the hundreds digit of 98398?
3
What is the tens digit of 29627?
2
What is the thousands digit of 34470?
4
What is the hundreds digit of 529?
5
What is the units digit of 325?
5
What is the thousands digit of 8150?
8
What is the hundreds 